2 + 5*f + 4. Calculate j(-1).
280
Let k(u) = -u**3 + 12*u**2 - 23*u + 40. Determine k(10).
10
Let f(x) = x**2 - 406*x - 2042. Calculate f(-5).
13
Let i(l) = 5*l**2 - 465*l - 10. Calculate i(93).
-10
Let p(i) = 44*i - 1338. Calculate p(32).
70
Let l(j) = 3*j - 153. Give l(53).
6
Let m(g) = -3574*g + 28598. Give m(8).
6
Let h(g) = -g**2 + 33*g + 435. Give h(42).
57
Let h(k) = -k**3 + 42*k**2 - 259*k + 11. Calculate h(35).
-479
Let y(a) = 2*a**2 - 18*a - 222. Give y(19).
158
Let p(i) = -1092*i + 5426. What is p(5)?
-34
Let r(h) = 26*h**2 + 2704*h + 2. What is r(-104)?
2
Let u(m) = 9*m**2 - 128*m + 21. Calculate u(14).
-7
Let k(x) = 10*x + 185. Determine k(-33).
-145
Let h(c) = -427*c + 4262. What is h(10)?
-8
Let b(s) = -s**3 + 3*s**2 - 9. Give b(3).
-9
Let w(k) = 2*k**2 - 23*k + 75. Determine w(6).
9
Let n(z) = -214*z + 1044. What is n(5)?
-26
Let a(h) = -h**3 - 10*h**2 + 3*h + 15. What is a(-10)?
-15
Let l(c) = -c + 56. What is l(124)?
-68
Let l(n) = 2*n**3 - 6*n**2 - 56. Calculate l(7).
336
Let y(o) = -9*o**2 + 151*o + 19. Calculate y(17).
-15
Let q(t) = 2*t**2 - 501*t - 5748. Determine q(-11).
5
Let f(a) = a**3 - 2*a**2 - 30*a - 6. Determine f(7).
29
Let x(h) = h**3 + 109*h**2 - 704*h - 1613. Calculate x(-115).
-3
Let q(u) = -u**2 - 256*u - 2231. Give q(-9).
-8
Let y(i) = -447*i - 1365. What is y(-3)?
-24
Let h(c) = 4*c**2 + 386*c - 594. Give h(-98).
-6
Let r(j) = -j**3 - 14*j**2 - 33*j + 65. Give r(-10).
-5
Let i(b) = 2*b**3 - 145*b**2 + 63*b + 649. Determine i(72).
1
Let o(b) = 2229*b - 11145. Give o(5).
0
Let n(x) = x**3 - 11*x**2 - 11*x + 81. Determine n(9).
-180
Let q(b) = b**3 + 2*b**2 - 17*b - 29. Give q(-4).
7
Let m(y) = -1573*y - 75497. Determine m(-48).
7
Let q(w) = 18*w - 347. Calculate q(19).
-5
Let k(q) = -100*q**2 - 601*q - 11. Give k(-6).
-5
Let r(c) = -c**3 - 49*c**2 - 274*c - 112. Give r(-6).
-16
Let z(s) = -s**3 + s**2 + 13*s + 76. Determine z(6).
-26
Let y(n) = -189*n - 1384. Give y(-7).
-61
Let i(c) = -4*c**2 + 103*c + 109. What is i(27)?
-26
Let y(x) = -35*x - 1546. Calculate y(-44).
-6
Let s(l) = l**2 + 771*l + 9855. Calculate s(-13).
1
Let y(n) = -25*n**2 - 12*n - 24. Calculate y(-6).
-852
Let y(n) = -223*n - 1459. Determine y(-6).
-121
Let y(t) = 64*t - 174. Give y(4).
82
Let f(k) = 13*k + 630. Calculate f(-49).
-7
Let j(k) = -2*k**3 + 24*k**2 - k - 42. Determine j(12).
-54
Let x(q) = -q**2 + 12*q + 215. What is x(-10)?
-5
Let r(c) = 96*c + 678. Determine r(-6).
102
Let u(m) = 13*m**2 - 134*m + 16. Determine u(10).
-24
Let x(b) = 185*b + 364. What is x(-1)?
179
Let h(f) = f**2 - 31*f + 215. Determine h(16).
-25
Let s(a) = -5*a**3 - 751*a**2 - 145*a + 752. Calculate s(-150).
2
Let t(x) = -x**3 - 100*x**2 - 80*x + 1869. Give t(-99).
-12
Let k(g) = -2*g**2 + 784*g - 5463. What is k(7)?
-73
Let v(g) = -g**3 + 90*g**2 + 2*g - 73. Determine v(90).
107
Let f(k) = 2*k - 211. What is f(104)?
-3
Let i(k) = -k**3 + 26*k**2 + 9*k - 32. Determine i(27).
-518
Let c(i) = -243*i + 495. Give c(2).
9
Let o(c) = -3*c**3 - 102*c**2 + 4*c - 15. Give o(-34).
-151
Let g(y) = -254*y + 12704. Determine g(50).
4
Let h(x) = -x**2 + 193*x - 2707. Give h(15).
-37
Let f(u) = 2*u + 552. What is f(-5)?
542
Let r(v) = 7*v - 31. Determine r(9).
32
Let f(o) = -o**3 - 64*o**2 - 694*o + 63. Determine f(-50).
-237
Let l(c) = -2*c**3 - 9*c**2 - 9*c - 62. Calculate l(-6).
100
Let n(c) = -91*c - 2368. What is n(-25)?
-93
Let l(f) = f**2 - 94*f - 357. Calculate l(-4).
35
Let h(z) = -z**2 + 10*z + 7. Determine h(-2).
-17
Let p(n) = -108*n - 108. Give p(-1).
0
Let b(p) = -37*p**3 + 2*p**2 + 5*p - 5. Determine b(1).
-35
Let q(c) = c**3 - 34*c**2 - 66*c - 150. Give q(36).
66
Let d(o) = -15424*o + 246776. Calculate d(16).
-8
Let z(p) = 14*p**2 - 181*p + 58. Give z(11).
-239
Let w(i) = -i**3 + 12*i**2 + 49*i - 47. Give w(15).
13
Let c(h) = -8*h**2 - 53*h + 229. Calculate c(4).
-111
Let p(c) = 15*c**2 + 68*c + 447. Determine p(-6).
579
Let x(m) = 562*m + 1673. Give x(-3).
-13
Let f(s) = s**3 + 19*s**2 - 293*s + 35. Determine f(10).
5
Let u(t) = t**2 - 22*t. Determine u(10).
-120
Let m(v) = -v**3 - 4*v**2 - 15*v - 48. Calculate m(-4).
12
Let g(d) = -4*d**2 - 88*d - 373. Determine g(-19).
-145
Let q(l) = 6*l**3 - 3*l**2 - 5*l + 1. What is q(4)?
317
Let f(r) = 62*r + 89. Calculate f(-7).
-345
Let c(w) = -5*w**3 - 80*w**2 - 26. Determine c(-16).
-26
Let m(v) = -605*v + 2429. What is m(4)?
9
Let g(z) = -3*z**2 - 34*z + 292. Calculate g(-17).
3
Let z(d) = -d**3 + 7*d**2 + 34*d - 212. Determine z(8).
-4
Let n(d) = -4*d**2 + 21*d + 32. Calculate n(7).
-17
Let x(i) = -51*i - 224. Give x(-4).
-20
Let x(v) = -24*v - 1135. Determine x(-34).
-319
Let l(d) = -d**2 + 15*d - 37. Determine l(14).
-23
Let z(m) = -m**3 - 47*m**2 - 528*m - 539. What is z(-30)?
1
Let q(y) = -24*y**2 + 27*y - 1. Calculate q(-2).
-151
Let c(t) = -t**3 + 29*t**2 + t - 74. Determine c(29).
-45
Let o(d) = -d**2 - 624*d - 32829. Give o(-58).
-1
Let c(u) = -31*u + 1593. Calculate c(53).
-50
Let s(i) = 24*i**3 + 7*i**2 + 4*i - 3. What is s(-3)?
-600
Let y(o) = -o**3 - 65*o**2 - 2*o + 24. Calculate y(-65).
154
Let z(m) = m**3 + 18*m**2 + 17*m - 2. Calculate z(-17).
-2
Let z(i) = -i**3 - 17*i**2 - 14*i + 81. What is z(-16)?
49
Let v(a) = -a**3 - 4*a**2 + 160*a + 770. Give v(-12).
2
Let b(h) = -2*h**2 + 133*h + 551. Determine b(-4).
-13
Let n(b) = -2475*b + 4912. Give n(2).
-38
Let w(a) = -2*a**3 - 5*a**2 - 19*a + 68. Calculate w(-5).
288
Let i(x) = -x**3 - 18*x**2 + 4*x - 76. Calculate i(-19).
209
Let n(f) = -3*f**2 + 241*f + 588. Calculate n(83).
-76
Let n(l) = l**3 + 2*l**2 - 12*l - 15. Calculate n(-5).
-30
Let t(p) = 16*p + 15. Determine t(-2).
-17
Let d(f) = 2*f**3 - 19*f**2 - 5*f - 1. What is d(10)?
49
Let c(p) = 300*p + 10733. Calculate c(-36).
-67
Let r(k) = 1969*k - 11819. Determine r(6).
-5
Let f(k) = -10*k**2 - 44*k - 2. What is f(-5)?
-32
Let n(k) = 12*k - 1001. Determine n(83).
-5
Let a(i) = -i**2 + 123*i - 1881. Give a(105).
9
Let n(f) = -25*f + 55. Determine n(-12).
355
Let q(l) = -l**3 + 2*l**2 + 97*l + 87. Give q(-8).
-49
Let j(h) = -h**3 + 31*h**2 - 161*h + 29. Calculate j(25).
-246
Let g(y) = -3*y**3 + 265*y**2 + 725*y + 301. Calculate g(91).
28
Let m(y) = -4*y**3 - 120*y**2 + 119*y - 154. What is m(-31)?
1
Let a(q) = q**3 - 19*q**2 - 487*q - 777. Determine a(34).
5
Let s(q) = -332*q + 2287. Calculate s(7).
-37
Let d(v) = -v**3 + 63*v**2 - 67*v + 339. Determine d(62).
29
Let i(k) = 56*k**2 + 21*k + 20. Determine i(-1).
55
Let d(c) = c**3 + 53*c**2 + 10*c + 534. Calculate d(-53).
4
Let s(w) = 2*w**3 + 186*w**2 + 1511*w - 78. Determine s(-84).
6
Let o(l) = 2*l**2 - 107*l + 361. What is o(50)?
11
Let r(d) = -340*d - 3067. What is r(-9)?
-7
Let u(d) = -13*d**2 - 99*d + 18. Give u(-8).
-22
Let p(w) = -18*w**2 - 726*w - 241. Determine p(-40).
-1
Let i(n) = 8*n**2 - 175*n + 123. Determine i(21).
-24
Let n(y) = -5*y + 46. Determine n(7).
11
Let o(g) = -29*g + 93. Calculate o(9).
-168
Let n(z) = 1222*z - 4884. What is n(4)?
4
Let f(h) = h**3 - 4*h**2 - h - 11. Give f(4).
-15
Let d(g) = 117*g + 529. Determine d(-5).
-56
Let r(x) = x**2 - 6*x - 791. What is r(-23)?
-124
Let m(f) = -f**2 - 45*f + 402. Give m(-53).
-22
Let z(b) = -42*b - 10. Calculate z(-10).
410
Let p(y) = 50*y**2 + 2*y + 45. What is p(0)?
45
Let f(w) = 40*w**3 - 3*w**2 + 3*w - 2. Give f(1).
38
Let v(a) = -307*a - 3346. Determine v(-11).
31
Let i(y) = -y**3 - 14*y**2 - 39*y - 28. Determine i(-5).
-58
Let v(f) = -8*f**2 - 42*f - 6. Determine v(-11).
-512
Let m(i) = -15*i**2 + 358*i + 55. What is m(24)?
7
Let v(j) = -156*j + 481. Give v(5).
-299
Let t(d) = 33*d - 107. Give t(3).
-8
Let y(v) = 46*v + 650. What is y(-9)?
236
Let t(j) = -j**3 + 40*j**2 + 55*j - 78. Calculate t(41).
496
Let o(x) = 82*x - 3715. What is o(46)?
57
Let p(a) = 14*a**2 + 22*a + 43. Calculate p(-2).
55
Let u(z) = 5*z**2 - 76*z + 262. Calculate u(5).
7
Let f(k) = 747*k - 3719. Give f(5).
16
Let m(j) = 73*j + 212. What is m(-2)?
66
Let w(z) = -2*z**3 + 16*z**2 - 27*z - 8. Calculate w(9).
-413
Let r(d) = 5*d**2 + 482*d - 2883. Determine r(-102).
-27
Let u(d) = d**3 - 9*d**2 - 4*d - 72. What is u(9)?
-108
Let f(l) = -3*l**3 - 2*l**2 - 33*l - 29. Calculate f(0).
-29
Let v(u) = u**2 + 24*u + 134. Determine v(-8).
6
Let j(h) = h**3 + 6*h + 42. Calculate j(-5).
-113
Let d(w